ided by 271.
270
Calculate the remainder when 16228 is divided by 8.
4
Calculate the remainder when 833 is divided by 46.
5
Calculate the remainder when 4604 is divided by 14.
12
What is the remainder when 5027 is divided by 83?
47
What is the remainder when 457746 is divided by 361?
359
Calculate the remainder when 1377 is divided by 587.
203
Calculate the remainder when 12846 is divided by 906.
162
Calculate the remainder when 159254 is divided by 112.
102
Calculate the remainder when 46992 is divided by 169.
10
Calculate the remainder when 69935 is divided by 752.
751
What is the remainder when 2449 is divided by 65?
44
What is the remainder when 54492 is divided by 4940?
152
Calculate the remainder when 13136 is divided by 4359.
59
What is the remainder when 1842 is divided by 13?
9
What is the remainder when 15692 is divided by 25?
17
Calculate the remainder when 1456 is divided by 580.
296
Calculate the remainder when 3365 is divided by 128.
37
Calculate the remainder when 500109 is divided by 368.
365
Calculate the remainder when 4041 is divided by 1820.
401
Calculate the remainder when 167584 is divided by 33510.
34
Calculate the remainder when 6106 is divided by 516.
430
What is the remainder when 59045 is divided by 2360?
45
What is the remainder when 37081 is divided by 124?
5
What is the remainder when 5160 is divided by 854?
36
Calculate the remainder when 739 is divided by 48.
19
Calculate the remainder when 6597 is divided by 6512.
85
Calculate the remainder when 25029 is divided by 68.
5
Calculate the remainder when 9328 is divided by 259.
4
Calculate the remainder when 19464 is divided by 51.
33
What is the remainder when 23423 is divided by 2203?
1393
What is the remainder when 16843 is divided by 1193?
141
Calculate the remainder when 525053 is divided by 36.
29
Calculate the remainder when 330651 is divided by 110212.
15
Calculate the remainder when 7718 is divided by 279.
185
What is the remainder when 3665 is divided by 118?
7
Calculate the remainder when 6347 is divided by 72.
11
What is the remainder when 1293 is divided by 4?
1
What is the remainder when 378 is divided by 87?
30
What is the remainder when 625 is divided by 23?
4
What is the remainder when 1928 is divided by 12?
8
What is the remainder when 1430 is divided by 703?
24
What is the remainder when 5383 is divided by 285?
253
Calculate the remainder when 122765 is divided by 27.
23
Calculate the remainder when 23463862 is divided by 216.
214
What is the remainder when 1743 is divided by 681?
381
Calculate the remainder when 9100 is divided by 33.
25
Calculate the remainder when 147208 is divided by 52.
48
What is the remainder when 9264 is divided by 268?
152
Calculate the remainder when 73862 is divided by 1120.
1062
Calculate the remainder when 14204 is divided by 6999.
206
What is the remainder when 37932 is divided by 74?
44
What is the remainder when 265277 is divided by 37?
24
What is the remainder when 153818 is divided by 13?
2
What is the remainder when 485157 is divided by 161708?
33
What is the remainder when 70979 is divided by 420?
419
What is the remainder when 7089 is divided by 615?
324
Calculate the remainder when 1267 is divided by 80.
67
Calculate the remainder when 4926 is divided by 24.
6
Calculate the remainder when 45273 is divided by 21.
18
What is the remainder when 19866 is divided by 1323?
21
What is the remainder when 14536 is divided by 105?
46
Calculate the remainder when 2931211 is divided by 604.
603
What is the remainder when 36208 is divided by 41?
5
What is the remainder when 16919 is divided by 2412?
35
What is the remainder when 1194367 is divided by 238869?
22
Calculate the remainder when 3238558 is divided by 23.
20
Calculate the remainder when 6530 is divided by 1072.
98
What is the remainder when 46704 is divided by 69?
60
What is the remainder when 58815 is divided by 19601?
12
What is the remainder when 76986 is divided by 76986?
0
What is the remainder when 6780 is divided by 376?
12
What is the remainder when 3561 is divided by 721?
677
What is the remainder when 12507 is divided by 321?
309
Calculate the remainder when 368390 is divided by 223.
217
What is the remainder when 48683 is divided by 119?
12
Calculate the remainder when 2476 is divided by 380.
196
Calculate the remainder when 18107 is divided by 199.
197
What is the remainder when 57909 is divided by 456?
453
Calculate the remainder when 7999 is divided by 16.
15
What is the remainder when 32926 is divided by 19?
18
Calculate the remainder when 1322 is divided by 312.
74
Calculate the remainder when 25508 is divided by 4246.
32
Calculate the remainder when 9551 is divided by 257.
42
What is the remainder when 14387 is divided by 11?
10
Calculate the remainder when 118888 is divided by 508.
16
What is the remainder when 22684 is divided by 199?
197
What is the remainder when 18559 is divided by 662?
23
Calculate the remainder when 231911 is divided by 727.
725
Calculate the remainder when 1378 is divided by 295.
198
What is the remainder when 46037 is divided by 16?
5
What is the remainder when 39120 is divided by 889?
4
What is the remainder when 70614 is divided by 1502?
20
Calculate the remainder when 882062 is divided by 232.
230
What is the remainder when 59500 is divided by 299?
298
Calculate the remainder when 911961 is divided by 41.
39
Calculate the remainder when 66503 is divided by 80.
23
What is the remainder when 11474 is divided by 5710?
54
Calculate the remainder when 11224 is divided by 5608.
8
What is the remainder when 2570 is divided by 425?
20
What is the remainder when 154312 is divided by 589?
583
Calculate the remainder when 218 is divided by 152.
66
Calculate the remainder when 12316 is divided by 12308.
8
Calculate the remainder when 319 is divided by 81.
76
Calculate the remainder when 2122 is divided by 213.
205
What is the remainder when 1531306 is divided by 17?
14
What is the remainder when 6421 is divided by 334?
75
What is the remainder when 569462 is divided by 65?
62
Calculate the remainder when 657591 is divided by 18.
15
Calculate the remainder when 2435 is divided by 149.
51
Calculate the remainder when 2755 is divided by 228.
19
What is the remainder when 3208 is divided by 78?
10
What is the remainder when 830522 is divided by 695?
692
What is the remainder when 25870 is divided by 264?
262
Calculate the remainder when 11691 is divided by 1289.
90
What is the remainder when 7678 is divided by 297?
253
Calculate the remainder when 7396 is divided by 161.
151
Calculate the remainder when 80578 is divided by 11.
3
Calculate the remainder when 44766 is divided by 21.
15
Calculate the remainder when 473 is divided by 319.
154
What is the remainder when 35685 is divided by 2377?
30
Calculate the remainder when 21471 is divided by 692.
19
What is the remainder when 595 is divided by 562?
33
Calculate the remainder when 150599 is divided by 11583.
20
Calculate the remainder when 119419 is divided by 70.
69
Calculate the remainder when 4940 is divided by 72.
44
What is the remainder when 33924 is divided by 90?
84
Calculate the remainder when 34973 is divided by 131.
127
Calculate the remainder when 859 is divided by 795.
64
What is the remainder when 2816663 is divided by 158?
155
Calculate the remainder when 341917 is divided by 20.
17
What is the remainder when 5131 is divided by 4822?
309
What is the remainder when 3382 is divided by 521?
256
Calculate the remainder when 82047 is divided by 8.
7
What is the remainder when 10711 is divided by 43?
4
Calculate the remainder when 12118 is divided by 576.
22
Calculate the remainder when 73415 is divided by 24354.
353
Calculate the remainder when 5206 is divided by 118.
14
Calculate the remainder when 41470 is divided by 15.
10
Calculate the remainder when 31970 is divided by 191.
73
Calculate the remainder when 20359 is divided by 220.
119
Calculate the remainder when 320234 is divided by 106732.
38
Calculate the remainder when 317839 is divided by 329.
25
Calculate the remainder when 1872521 is divided by 113.
111
Calculate the remainder when 7946 is divided by 481.
250
What is the remainder when 67742 is divided by 7512?
134
Calculate the remainder when 23785 is divid